{"id":149,"date":"2012-01-22T18:43:22","date_gmt":"2012-01-22T18:43:22","guid":{"rendered":"http:\/\/server.evolveos.com\/clients\/TSHH\/?page_id=149"},"modified":"2025-09-10T13:50:52","modified_gmt":"2025-09-10T13:50:52","slug":"reeta-pohjonen","status":"publish","type":"page","link":"https:\/\/www.homeopathyschool.fi\/?page_id=149","title":{"rendered":"Reeta Pohjonen Homeopathy"},"content":{"rendered":"\n<p class=\"has-pale-pink-background-color has-background\">Homeopaatin vastaanotto <\/p>\n\n\n\n<p class=\"has-pale-pink-background-color has-background\">Varaa aikasi: reetarexi@gmail.com<\/p>\n\n\n\n<p class=\"has-pale-cyan-blue-background-color has-background\">+358-44-522 0573 (viesti \/whatsup)<\/p>\n\n\n\n<div class=\"wp-block-columns is-layout-flex wp-container-core-columns-layout-1 wp-block-columns-is-layout-flex\">\n<div class=\"wp-block-column is-layout-flow wp-block-column-is-layout-flow\" style=\"flex-basis:100%\">\n<figure class=\"wp-block-gallery has-nested-images columns-default is-cropped wp-block-gallery-1 is-layout-flex wp-block-gallery-is-layout-flex\">\n<figure class=\"wp-block-image size-large\"><a href=\"http:\/\/www.homeopathyschool.fi\/wp-content\/uploads\/2025\/02\/Reeta-Lusch.jpg\"><img loading=\"lazy\" decoding=\"async\" width=\"683\" height=\"1024\" src=\"http:\/\/www.homeopathyschool.fi\/wp-content\/uploads\/2025\/02\/Reeta-Lusch-683x1024.jpg\" alt=\"\" class=\"wp-image-2933\" srcset=\"https:\/\/www.homeopathyschool.fi\/wp-content\/uploads\/2025\/02\/Reeta-Lusch-683x1024.jpg 683w, https:\/\/www.homeopathyschool.fi\/wp-content\/uploads\/2025\/02\/Reeta-Lusch-200x300.jpg 200w, https:\/\/www.homeopathyschool.fi\/wp-content\/uploads\/2025\/02\/Reeta-Lusch-768x1151.jpg 768w, https:\/\/www.homeopathyschool.fi\/wp-content\/uploads\/2025\/02\/Reeta-Lusch-1025x1536.jpg 1025w, https:\/\/www.homeopathyschool.fi\/wp-content\/uploads\/2025\/02\/Reeta-Lusch-1366x2048.jpg 1366w, https:\/\/www.homeopathyschool.fi\/wp-content\/uploads\/2025\/02\/Reeta-Lusch.jpg 1601w\" sizes=\"(max-width: 683px) 100vw, 683px\" \/><\/a><figcaption class=\"wp-element-caption\">Photo @heidistrengell<\/figcaption><\/figure>\n<\/figure>\n<\/div>\n<\/div>\n\n\n\n<p>Reeta on valmistunut klassiseksi&nbsp; homeopaatiksi vuonna 2000 Luotaisl\u00e4\u00e4ketieteen Instituutti Kaironista. <\/p>\n\n\n\n<p>H\u00e4n on suorittanut The Dynamis School of Advanced Homeopathy K\u00f6\u00f6penhaminassa vuosina 2007-2010 ja j\u00e4rjest\u00e4nyt sen Helsingiss\u00e4 Camilla Sherrin opetuksella vuosina 2012-2016. Reeta on k\u00e4ynyt Ton Jansenin, Alize Timmermanin, Jeremy Sherrin, Divya Chhabran jatkokoulutukset.<\/p>\n\n\n\n<p>Reeta toimii HSH:n rehtorina ja p\u00e4\u00e4opettajana. Reeta on shamanistinen alkemisti ja rakastaa tehd\u00e4 homeopaattisia l\u00e4\u00e4keainekokeita sek\u00e4 koulussa ett\u00e4 itsen\u00e4isesti.<\/p>\n\n\n\n<p>Reeta on nelj\u00e4n aikuisen lapsen \u00e4iti, kouluttaja, mentori, astrologi, 3P-fasilitaattori, vitaalishiatsu-terapeutti ja mammajooga- ohjaaja.<\/p>\n\n\n\n<p><br>Reeta pit\u00e4\u00e4 homeopaattisia kotiapteekkikursseja, nyt my\u00f6s webinaareina. Reetan uusi lapsi on HomeoMamas ryhm\u00e4 ja kurssi. Tervetuloa mukaan !<\/p>\n\n\n\n<p>Consultations and teaching also in&nbsp; English.<\/p>\n\n\n\n<p>Chat about Pregnancy and Birth with Janey Lavelle \/ Sage &amp; Seer&nbsp;<a href=\"https:\/\/www.youtube.com\/watch?v=0Tge13yO-iA\">link<\/a><\/p>\n\n\n\n<p><a href=\"https:\/\/www.reetapohjonen.com\/\">www.reetapohjonen.com<\/a><\/p>\n\n\n\n<p><a href=\"https:\/\/www.instagram.com\/athomeopath\/\" data-type=\"link\" data-id=\"https:\/\/www.instagram.com\/athomeopath\/\">Instagram @athomeopath<\/a><\/p>\n\n\n\n<p><a href=\"https:\/\/www.facebook.com\/reetapohjonenhomeopathy\">Facebook Reeta Pohjonen Homeopathy<\/a><\/p>\n\n\n\n<p class=\"has-light-green-cyan-background-color has-background\"><strong>HINNASTO <\/strong><\/p>\n\n\n\n<p class=\"has-light-green-cyan-background-color has-background\"><strong>DIVINE PURPOSE &amp; PASSION<\/strong> (kesto 2 h) * 333 euroa (homeopatia, astrologia, mentorointi)<\/p>\n\n\n\n<p class=\"has-light-green-cyan-background-color has-background\"><strong>H<\/strong>OMEOPAATTINEN KONSULTAATIO * ENSIMM\u00c4INEN K\u00c4YNTI *  222 euroa (sis\u00e4lt\u00e4en tarvittavat l\u00e4\u00e4keaineet) * 288\u20ac DETOX JA BALANCING KONSULTAATIO<\/p>\n\n\n\n<p class=\"has-light-green-cyan-background-color has-background\"><strong> <\/strong>HOMEOPAATTINEN KONSULTAATIO * SEURANTAK\u00c4YNTI * 190 euroa (sis\u00e4lt\u00e4en tarvittavat l\u00e4\u00e4keaineet)<\/p>\n\n\n\n<p class=\"has-light-green-cyan-background-color has-background\">HOMEOPAATTINEN JA AKTIIVINEN SYNNYTYSVALMENNUS * 333 euroa (sis\u00e4lt\u00e4en synnytyskitin)<\/p>\n\n\n\n<p class=\"has-light-green-cyan-background-color has-background\">HOMEOPAATTINEN AKUUTTI KONSULTAATIO arkisin 120 euroa, iltaisin klo 18- ja viikonloppuisin 160 euroa. Akuutti konsultaatio sis\u00e4lt\u00e4\u00e4 yhden puhelun ja yhden seurannan viestill\u00e4 seuraavana p\u00e4iv\u00e4n\u00e4. Asiakas hankkii l\u00e4\u00e4keaineet itse, koska akuutissa tilanteessa posti kest\u00e4\u00e4 liian kauan. Sovitusti l\u00e4\u00e4keaineen voi my\u00f6s noutaa Luotsikatu 5, Katajanokka.<\/p>\n\n\n\n<p><\/p>\n\n\n\n<p class=\"has-light-green-cyan-background-color has-background\">Homeopaattinen Konstellaatio WORKSHOP hinta 290 euroa (oma konstellaatio), 190 euroa (osallistuminen) syksyll\u00e4 2025 tulossa yksi WORKSHOP.<\/p>\n","protected":false},"excerpt":{"rendered":"<p>Homeopaatin vastaanotto Varaa aikasi: reetarexi@gmail.com +358-44-522 0573 (viesti \/whatsup) Reeta on valmistunut klassiseksi&nbsp; homeopaatiksi vuonna 2000 Luotaisl\u00e4\u00e4ketieteen Instituutti Kaironista. H\u00e4n on suorittanut The Dynamis School of Advanced Homeopathy K\u00f6\u00f6penhaminassa vuosina 2007-2010 ja j\u00e4rjest\u00e4nyt sen Helsingiss\u00e4 Camilla Sherrin opetuksella vuosina 2012-2016. Reeta on k\u00e4ynyt Ton Jansenin, Alize Timmermanin, Jeremy Sherrin, Divya Chhabran jatkokoulutukset. Reeta toimii HSH:n &hellip; <\/p>\n<p class=\"link-more\"><a href=\"https:\/\/www.homeopathyschool.fi\/?page_id=149\" class=\"more-link\">Continue reading<span class=\"screen-reader-text\"> &#8220;Reeta Pohjonen Homeopathy&#8221;<\/span><\/a><\/p>\n","protected":false},"author":1,"featured_media":0,"parent":0,"menu_order":0,"comment_status":"closed","ping_status":"closed","template":"","meta":{"footnotes":""},"_links":{"self":[{"href":"https:\/\/www.homeopathyschool.fi\/index.php?rest_route=\/wp\/v2\/pages\/149"}],"collection":[{"href":"https:\/\/www.homeopathyschool.fi\/index.php?rest_route=\/wp\/v2\/pages"}],"about":[{"href":"https:\/\/www.homeopathyschool.fi\/index.php?rest_route=\/wp\/v2\/types\/page"}],"author":[{"embeddable":true,"href":"https:\/\/www.homeopathyschool.fi\/index.php?rest_route=\/wp\/v2\/users\/1"}],"replies":[{"embeddable":true,"href":"https:\/\/www.homeopathyschool.fi\/index.php?rest_route=%2Fwp%2Fv2%2Fcomments&post=149"}],"version-history":[{"count":57,"href":"https:\/\/www.homeopathyschool.fi\/index.php?rest_route=\/wp\/v2\/pages\/149\/revisions"}],"predecessor-version":[{"id":3103,"href":"https:\/\/www.homeopathyschool.fi\/index.php?rest_route=\/wp\/v2\/pages\/149\/revisions\/3103"}],"wp:attachment":[{"href":"https:\/\/www.homeopathyschool.fi\/index.php?rest_route=%2Fwp%2Fv2%2Fmedia&parent=149"}],"curies":[{"name":"wp","href":"https:\/\/api.w.org\/{rel}","templated":true}]}}