{"id":20,"date":"2011-11-28T18:15:19","date_gmt":"2011-11-28T18:15:19","guid":{"rendered":"http:\/\/localhost\/Homeopathy\/?page_id=20"},"modified":"2022-02-18T22:42:33","modified_gmt":"2022-02-18T22:42:33","slug":"another-page","status":"publish","type":"page","link":"https:\/\/www.homeopathyschool.fi\/?page_id=20","title":{"rendered":"Tietoja"},"content":{"rendered":"<p>TSH Helsinki tarjoaa Suomen laajimman ja kansainv\u00e4lisimm\u00e4n homeopatian koulutuksen, joka on <a href=\"http:\/\/homeopaatit.fi\" target=\"_blank\" rel=\"noopener noreferrer\">Suomen Homeopaatit ry<\/a>:n sek\u00e4 eurooppalaisen kattoj\u00e4rjest\u00f6n <a href=\"http:\/\/homeopathy-ecch.org\" target=\"_blank\" rel=\"noopener noreferrer\">European Central Council of Homeopaths<\/a>:in (ECCH) hyv\u00e4ksym\u00e4.<\/p>\n<p>TSH:n perustivat 1980-luvun lopussa hollantilaset homeopaatit Ab Straatman ja Maurice Gregoire.<br \/>\nKoulumme toimitilat ja luotsaajat ovat vuosien mittaan vaihtuneet, mutta koulun tavoite pysyy samana \u2013 haluamme tarjota laadukasta ja syv\u00e4llist\u00e4 ammattikoulutusta homeopatian vahvasti kehittyv\u00e4ll\u00e4 alalla.<\/p>\n<p>TSH toimii Helsingin Katajanokalla osoitteessa Luotsikatu 5, kauniissa tiloissa meren l\u00e4heisyydess\u00e4 !<\/p>\n<p>Opetuskielin\u00e4 ovat suomi ja englanti. Et\u00e4teht\u00e4v\u00e4t ja lopputy\u00f6n voit tehd\u00e4 my\u00f6s ruotsiksi.<\/p>\n","protected":false},"excerpt":{"rendered":"<p>TSH Helsinki tarjoaa Suomen laajimman ja kansainv\u00e4lisimm\u00e4n homeopatian koulutuksen, joka on Suomen Homeopaatit ry:n sek\u00e4 eurooppalaisen kattoj\u00e4rjest\u00f6n European Central Council of Homeopaths:in (ECCH) hyv\u00e4ksym\u00e4. TSH:n perustivat 1980-luvun lopussa hollantilaset homeopaatit Ab Straatman ja Maurice Gregoire. Koulumme toimitilat ja luotsaajat ovat vuosien mittaan vaihtuneet, mutta koulun tavoite pysyy samana \u2013 haluamme tarjota laadukasta ja syv\u00e4llist\u00e4 ammattikoulutusta &hellip; <\/p>\n<p class=\"link-more\"><a href=\"https:\/\/www.homeopathyschool.fi\/?page_id=20\" class=\"more-link\">Continue reading<span class=\"screen-reader-text\"> &#8220;Tietoja&#8221;<\/span><\/a><\/p>\n","protected":false},"author":1,"featured_media":0,"parent":0,"menu_order":0,"comment_status":"closed","ping_status":"open","template":"","meta":{"footnotes":""},"_links":{"self":[{"href":"https:\/\/www.homeopathyschool.fi\/index.php?rest_route=\/wp\/v2\/pages\/20"}],"collection":[{"href":"https:\/\/www.homeopathyschool.fi\/index.php?rest_route=\/wp\/v2\/pages"}],"about":[{"href":"https:\/\/www.homeopathyschool.fi\/index.php?rest_route=\/wp\/v2\/types\/page"}],"author":[{"embeddable":true,"href":"https:\/\/www.homeopathyschool.fi\/index.php?rest_route=\/wp\/v2\/users\/1"}],"replies":[{"embeddable":true,"href":"https:\/\/www.homeopathyschool.fi\/index.php?rest_route=%2Fwp%2Fv2%2Fcomments&post=20"}],"version-history":[{"count":35,"href":"https:\/\/www.homeopathyschool.fi\/index.php?rest_route=\/wp\/v2\/pages\/20\/revisions"}],"predecessor-version":[{"id":2161,"href":"https:\/\/www.homeopathyschool.fi\/index.php?rest_route=\/wp\/v2\/pages\/20\/revisions\/2161"}],"wp:attachment":[{"href":"https:\/\/www.homeopathyschool.fi\/index.php?rest_route=%2Fwp%2Fv2%2Fmedia&parent=20"}],"curies":[{"name":"wp","href":"https:\/\/api.w.org\/{rel}","templated":true}]}}