{"id":2871,"date":"2024-08-18T20:57:46","date_gmt":"2024-08-18T20:57:46","guid":{"rendered":"https:\/\/www.homeopathyschool.fi\/?page_id=2871"},"modified":"2024-08-18T20:57:46","modified_gmt":"2024-08-18T20:57:46","slug":"daniela-salomaa","status":"publish","type":"page","link":"https:\/\/www.homeopathyschool.fi\/?page_id=2871","title":{"rendered":"Daniela Salomaa"},"content":{"rendered":"\n<figure class=\"wp-block-gallery has-nested-images columns-default is-cropped wp-block-gallery-1 is-layout-flex wp-block-gallery-is-layout-flex\"><div class=\"wp-block-image\">\n<figure class=\"alignright size-large\"><a href=\"https:\/\/www.homeopathyschool.fi\/wp-content\/uploads\/2024\/08\/DANIELA-HSH-scaled.jpg\"><img loading=\"lazy\" decoding=\"async\" width=\"688\" height=\"1024\" data-id=\"2872\" src=\"https:\/\/www.homeopathyschool.fi\/wp-content\/uploads\/2024\/08\/DANIELA-HSH-688x1024.jpg\" alt=\"\" class=\"wp-image-2872\" srcset=\"https:\/\/www.homeopathyschool.fi\/wp-content\/uploads\/2024\/08\/DANIELA-HSH-688x1024.jpg 688w, https:\/\/www.homeopathyschool.fi\/wp-content\/uploads\/2024\/08\/DANIELA-HSH-201x300.jpg 201w, https:\/\/www.homeopathyschool.fi\/wp-content\/uploads\/2024\/08\/DANIELA-HSH-768x1144.jpg 768w, https:\/\/www.homeopathyschool.fi\/wp-content\/uploads\/2024\/08\/DANIELA-HSH-1031x1536.jpg 1031w, https:\/\/www.homeopathyschool.fi\/wp-content\/uploads\/2024\/08\/DANIELA-HSH-1375x2048.jpg 1375w, https:\/\/www.homeopathyschool.fi\/wp-content\/uploads\/2024\/08\/DANIELA-HSH-scaled.jpg 1719w\" sizes=\"(max-width: 688px) 100vw, 688px\" \/><\/a><\/figure><\/div><\/figure>\n\n\n\n<p>&#8220;Kokonaisvaltainen hyvinvointi on kiehtonut minua pitk\u00e4\u00e4n ja polkuni on vienyt siihen, miss\u00e4 nyt olen.<br>T\u00e4t\u00e4 nyky\u00e4\u00e4n olen klassinen homeopaatti, ravintoneuvoja ja hyvinvointivalmentaja.&nbsp;<strong>Intohimoni on holistinen terveys, luonnonmukaisuus ja pyh\u00e4n feminiiniin vaaliminen<\/strong>. Rakastan el\u00e4m\u00e4st\u00e4 nauttimista sen monissa eri muodoissa \u2013 liikuntaa, tanssimista, luontoa, taidetta ja matkustamista.&nbsp;<\/p>\n\n\n\n<p>Ty\u00f6kalujani ovat&nbsp;<strong>klassinen<\/strong>&nbsp;<strong>homeopatia<\/strong>,&nbsp;<strong>ravintoneuvonta&nbsp;<\/strong>ja<strong>&nbsp;valmentaminen<\/strong>. Mielest\u00e4ni ne tukevat ja t\u00e4ydent\u00e4v\u00e4t hienosti toisiaan. &nbsp;<\/p>\n\n\n\n<p>Erityisen l\u00e4hell\u00e4 syd\u00e4nt\u00e4ni on&nbsp;<strong>naisten hormonaalinen tasapaino<\/strong>, sen ennalta hoitaminen ja yll\u00e4pit\u00e4minen luonnonmukaisin keinoin kuten terveellisell\u00e4 ravinnolla, liikunnalla, stressinhallinnalla, ravintolisill\u00e4, homeopatialla, rohdoilla, synteettisten hormoniaineiden detoxilla ja bio-identtisill\u00e4 hormonivalmisteilla. Oma keho on mainio kumppani kun sit\u00e4 kohtelee hyvin eik\u00e4 ik\u00e4\u00e4ntymisen tuomia v\u00e4ist\u00e4m\u00e4tt\u00f6mi\u00e4 muutoksia tarvitse pel\u00e4t\u00e4 ja surkutella liikaa.<\/p>\n\n\n\n<p>Kutsumukseni onkin lis\u00e4t\u00e4 hormonitasapainoon ja sit\u00e4 kautta&nbsp;<strong>kukoistavaan naiseuteen<\/strong>&nbsp;liittyv\u00e4\u00e4 tietoisuutta ja uudenlaista voimaannuttavaa l\u00e4hestymist\u00e4. Haluan olla itse esimerkkin\u00e4 siit\u00e4, miten el\u00e4m\u00e4st\u00e4 ja naiseudesta voi nauttia 50+ i\u00e4ss\u00e4, p\u00e4iv\u00e4 kerralla!&#8221;<\/p>\n\n\n\n<p>Lis\u00e4infoa Danielasta<\/p>\n\n\n\n<figure class=\"wp-block-embed is-type-wp-embed is-provider-daniela-salomaa wp-block-embed-daniela-salomaa\"><div class=\"wp-block-embed__wrapper\">\n<blockquote class=\"wp-embedded-content\" data-secret=\"SWEEL6vBBJ\"><a href=\"https:\/\/danielasalomaa.com\/\">Homepage<\/a><\/blockquote><iframe class=\"wp-embedded-content\" sandbox=\"allow-scripts\" security=\"restricted\" style=\"position: absolute; clip: rect(1px, 1px, 1px, 1px);\" title=\"&#8220;Homepage&#8221; &#8212; Daniela Salomaa\" src=\"https:\/\/danielasalomaa.com\/embed\/#?secret=JCckY3eZgw#?secret=SWEEL6vBBJ\" data-secret=\"SWEEL6vBBJ\" width=\"525\" height=\"296\" frameborder=\"0\" marginwidth=\"0\" marginheight=\"0\" scrolling=\"no\"><\/iframe>\n<\/div><\/figure>\n","protected":false},"excerpt":{"rendered":"<p>&#8220;Kokonaisvaltainen hyvinvointi on kiehtonut minua pitk\u00e4\u00e4n ja polkuni on vienyt siihen, miss\u00e4 nyt olen.T\u00e4t\u00e4 nyky\u00e4\u00e4n olen klassinen homeopaatti, ravintoneuvoja ja hyvinvointivalmentaja.&nbsp;Intohimoni on holistinen terveys, luonnonmukaisuus ja pyh\u00e4n feminiiniin vaaliminen. Rakastan el\u00e4m\u00e4st\u00e4 nauttimista sen monissa eri muodoissa \u2013 liikuntaa, tanssimista, luontoa, taidetta ja matkustamista.&nbsp; Ty\u00f6kalujani ovat&nbsp;klassinen&nbsp;homeopatia,&nbsp;ravintoneuvonta&nbsp;ja&nbsp;valmentaminen. Mielest\u00e4ni ne tukevat ja t\u00e4ydent\u00e4v\u00e4t hienosti toisiaan. &nbsp; Erityisen l\u00e4hell\u00e4 &hellip; <\/p>\n<p class=\"link-more\"><a href=\"https:\/\/www.homeopathyschool.fi\/?page_id=2871\" class=\"more-link\">Continue reading<span class=\"screen-reader-text\"> &#8220;Daniela Salomaa&#8221;<\/span><\/a><\/p>\n","protected":false},"author":5,"featured_media":0,"parent":0,"menu_order":0,"comment_status":"closed","ping_status":"closed","template":"","meta":{"footnotes":""},"_links":{"self":[{"href":"https:\/\/www.homeopathyschool.fi\/index.php?rest_route=\/wp\/v2\/pages\/2871"}],"collection":[{"href":"https:\/\/www.homeopathyschool.fi\/index.php?rest_route=\/wp\/v2\/pages"}],"about":[{"href":"https:\/\/www.homeopathyschool.fi\/index.php?rest_route=\/wp\/v2\/types\/page"}],"author":[{"embeddable":true,"href":"https:\/\/www.homeopathyschool.fi\/index.php?rest_route=\/wp\/v2\/users\/5"}],"replies":[{"embeddable":true,"href":"https:\/\/www.homeopathyschool.fi\/index.php?rest_route=%2Fwp%2Fv2%2Fcomments&post=2871"}],"version-history":[{"count":1,"href":"https:\/\/www.homeopathyschool.fi\/index.php?rest_route=\/wp\/v2\/pages\/2871\/revisions"}],"predecessor-version":[{"id":2873,"href":"https:\/\/www.homeopathyschool.fi\/index.php?rest_route=\/wp\/v2\/pages\/2871\/revisions\/2873"}],"wp:attachment":[{"href":"https:\/\/www.homeopathyschool.fi\/index.php?rest_route=%2Fwp%2Fv2%2Fmedia&parent=2871"}],"curies":[{"name":"wp","href":"https:\/\/api.w.org\/{rel}","templated":true}]}}