{"id":55,"date":"2011-11-29T15:18:04","date_gmt":"2011-11-29T15:18:04","guid":{"rendered":"http:\/\/localhost\/Homeopathy\/?page_id=55"},"modified":"2023-08-27T14:02:43","modified_gmt":"2023-08-27T14:02:43","slug":"clinic","status":"publish","type":"page","link":"https:\/\/www.homeopathyschool.fi\/?page_id=55","title":{"rendered":"Klinikka"},"content":{"rendered":"<p>Opetusklinikka on keskeinen osa opintoja, jossa opiskelijat saavat arvokasta k\u00e4yt\u00e4nn\u00f6n kokemusta asiakkaan haastattelusta, tapauksen analysoinnista ja hoidon etenemisest\u00e4.<\/p>\n<p>Opetusklinikat j\u00e4rjestet\u00e4\u00e4n v\u00e4hint\u00e4\u00e4n kerran kuussa, ja ne ovat avoimia my\u00f6s jo valmistuneille homeopaateille sek\u00e4 asiakkaille. Opetusklinikassa viimeisen vuosikurssin oppilas ja opettajana toimiva homeopaatti tekev\u00e4t haastattelun. Tapauksen analyysi sek\u00e4 l\u00e4\u00e4keaineen m\u00e4\u00e4r\u00e4ys tehd\u00e4\u00e4n yhdess\u00e4 opettajan johdolla. Klinikkaopettajina toimivat kokeneet homeopaatit ja opettajat Vanessa Parrado-Lobo, Reeta Pohjonen ja Guy Wurman.<\/p>\n<p>Opetusklinikkaan voi osallistua opinto-ohjelman ulkopuolisena hintaan 100 euroa \/ p\u00e4iv\u00e4. Tule joko paikalle Luotsikatu 5 tai zoomilla.<\/p>\n<p>Asiakkaalta klinikka maksaa 60 euroa ensimm\u00e4inen k\u00e4ynti \/ 50 euroa seuranta.<\/p>\n<p>Klinikat j\u00e4rjestet\u00e4\u00e4n asiakkaille zoomin v\u00e4lityksell\u00e4.<\/p>\n<p>Varaa aikasi toimistolta nina@homeopatiakoulutus.fi\u00a0<\/p>\n<p>Klinikkatunteja kertyy opiskelijoille klinikkap\u00e4ivist\u00e4, eri luennoitsijoiden luennoilta sek\u00e4 liven\u00e4 ett\u00e4 nauhoitettuna, caseteht\u00e4vist\u00e4 ja opintojen aikana suoritetuista harjoitusasikkaista. Rohkaisemme opiskelijoita opiskelemaan lis\u00e4ksi netiss\u00e4 kokeneiden homeopaattien johdolla. Nyt on saatavilla edullisia jatkokoulutuksia, mihin opiskelijat voivat osallistua ja koulu hyv\u00e4ksyy niiss\u00e4 pidetyt klinikkatunnit.<\/p>\n<p>Kaksivuotiset homeopatian ammattiopinnot sis\u00e4lt\u00e4v\u00e4t lis\u00e4ksi oman tutorin ja opettajien klinikkaopetusta viikoittaisissa tapaamisissa ja Reetan tiistai CONTAINER opetuksessa.<\/p>\n<p>Klinikkatunteja tulee opintojen aikana 800 h.<\/p>\n\n\n<figure class=\"wp-block-gallery has-nested-images columns-default is-cropped wp-block-gallery-1 is-layout-flex wp-block-gallery-is-layout-flex\">\n<figure class=\"wp-block-image size-large\"><img loading=\"lazy\" decoding=\"async\" width=\"683\" height=\"1024\" data-id=\"2139\" src=\"http:\/\/www.homeopathyschool.fi\/wp-content\/uploads\/2022\/02\/riikinkukko-683x1024.jpg\" alt=\"\" class=\"wp-image-2139\" srcset=\"https:\/\/www.homeopathyschool.fi\/wp-content\/uploads\/2022\/02\/riikinkukko-683x1024.jpg 683w, https:\/\/www.homeopathyschool.fi\/wp-content\/uploads\/2022\/02\/riikinkukko-200x300.jpg 200w, https:\/\/www.homeopathyschool.fi\/wp-content\/uploads\/2022\/02\/riikinkukko-768x1152.jpg 768w, https:\/\/www.homeopathyschool.fi\/wp-content\/uploads\/2022\/02\/riikinkukko.jpg 1000w\" sizes=\"(max-width: 683px) 100vw, 683px\" \/><\/figure>\n<\/figure>\n","protected":false},"excerpt":{"rendered":"<p>Opetusklinikka on keskeinen osa opintoja, jossa opiskelijat saavat arvokasta k\u00e4yt\u00e4nn\u00f6n kokemusta asiakkaan haastattelusta, tapauksen analysoinnista ja hoidon etenemisest\u00e4. Opetusklinikat j\u00e4rjestet\u00e4\u00e4n v\u00e4hint\u00e4\u00e4n kerran kuussa, ja ne ovat avoimia my\u00f6s jo valmistuneille homeopaateille sek\u00e4 asiakkaille. Opetusklinikassa viimeisen vuosikurssin oppilas ja opettajana toimiva homeopaatti tekev\u00e4t haastattelun. Tapauksen analyysi sek\u00e4 l\u00e4\u00e4keaineen m\u00e4\u00e4r\u00e4ys tehd\u00e4\u00e4n yhdess\u00e4 opettajan johdolla. Klinikkaopettajina toimivat kokeneet &hellip; <\/p>\n<p class=\"link-more\"><a href=\"https:\/\/www.homeopathyschool.fi\/?page_id=55\" class=\"more-link\">Continue reading<span class=\"screen-reader-text\"> &#8220;Klinikka&#8221;<\/span><\/a><\/p>\n","protected":false},"author":1,"featured_media":0,"parent":0,"menu_order":0,"comment_status":"closed","ping_status":"closed","template":"","meta":{"footnotes":""},"_links":{"self":[{"href":"https:\/\/www.homeopathyschool.fi\/index.php?rest_route=\/wp\/v2\/pages\/55"}],"collection":[{"href":"https:\/\/www.homeopathyschool.fi\/index.php?rest_route=\/wp\/v2\/pages"}],"about":[{"href":"https:\/\/www.homeopathyschool.fi\/index.php?rest_route=\/wp\/v2\/types\/page"}],"author":[{"embeddable":true,"href":"https:\/\/www.homeopathyschool.fi\/index.php?rest_route=\/wp\/v2\/users\/1"}],"replies":[{"embeddable":true,"href":"https:\/\/www.homeopathyschool.fi\/index.php?rest_route=%2Fwp%2Fv2%2Fcomments&post=55"}],"version-history":[{"count":22,"href":"https:\/\/www.homeopathyschool.fi\/index.php?rest_route=\/wp\/v2\/pages\/55\/revisions"}],"predecessor-version":[{"id":2509,"href":"https:\/\/www.homeopathyschool.fi\/index.php?rest_route=\/wp\/v2\/pages\/55\/revisions\/2509"}],"wp:attachment":[{"href":"https:\/\/www.homeopathyschool.fi\/index.php?rest_route=%2Fwp%2Fv2%2Fmedia&parent=55"}],"curies":[{"name":"wp","href":"https:\/\/api.w.org\/{rel}","templated":true}]}}